5*q + 76, 3*q + 5*l - 10 = 26. What is the remainder when q is divided by 9?
8
Let r be 2/(-3 + 6 + -2). Suppose 2*q - 13 = -5*k - 5, 0 = -r*q + 5*k + 28. What is the remainder when q is divided by 3?
0
Suppose 0 = -3*l - 3*b + 12, 0*l + b = -2*l + 5. Calculate the remainder when 67 is divided by (-3 - (-1 - 19))*l.
16
What is the remainder when 130 is divided by (88/(-12))/(4/(-18))?
31
Suppose -3 = -2*j + 3. Suppose 28 = 2*v + 4*u, v - j*u + 1 = -0*v. Let b(l) = l**3 - 10*l**2 + 12*l - 22. Calculate the remainder when v is divided by b(9).
3
Let d = 10 + -2. Calculate the remainder when 12 is divided by d.
4
Let z(i) = i. Let l be z(0). Suppose -3*o + 7 = g, l = -g - 2*o - 3*o - 1. Calculate the remainder when g is divided by (-51)/(-7) - 6/21.
5
Suppose 0*d = 2*d - 4. Calculate the remainder when 2 is divided by d.
0
Let f = -44 + 69. Let l = -36 + 50. What is the remainder when f is divided by l?
11
Let o(n) = -n + 8. Calculate the remainder when 92 is divided by o(-4).
8
Calculate the remainder when 176/18 - 18/(-81) is divided by 3.
1
Suppose -2*a = -b + 2*b, -a - 1 = 0. Suppose -3*g - 3*r + 105 = 0, 4*r + b + 2 = 0. What is the remainder when g is divided by 13?
10
Let b be 1/(((-1)/(-5))/1). Suppose 7 = 3*i - 4*u - 0, 4*i - 11 = b*u. What is the remainder when 2/(-3) - 150/(-9) is divided by i?
7
Suppose 4*z = -4*k - 340, -4*z - 236 - 15 = 3*k. Let u = -25 - k. What is the remainder when u is divided by 22?
20
What is the remainder when 2/2 - (-48 - 2) is divided by 2196/126 - (0 + (-12)/21)?
15
Let m = 11 - 9. Suppose m*y = i + 63, i = -y - 6 + 30. What is the remainder when y is divided by 8?
5
Let c = 19 - 7. Calculate the remainder when 23 is divided by c.
11
Let k be -1 + 5/((-15)/(-42)). Calculate the remainder when 118/2 + (1 - 2) is divided by k/(-39) - 122/(-6).
18
Let k(y) = -y**3 + 7*y**2 + 8. Let x = -2 - 3. Let l(t) = -5*t - 2. What is the remainder when k(6) is divided by l(x)?
21
Let i(b) be the first derivative of 2*b**3 + 3*b**2/2 + 3*b + 2. Calculate the remainder when i(-2) is divided by 11.
10
Let o = -121 + 64. What is the remainder when ((-4)/(-3))/((-2)/o) is divided by 10?
8
Suppose -5*u - 2*c + 52 = 0, c - 1 + 0 = 0. Suppose -5*l + u = -5*z, -4*z = 2*l - 7*z. Calculate the remainder when 17 is divided by l.
5
Suppose -7 + 3 = -2*v. Let y be (-1 + v)*(2 - 1). What is the remainder when 5 is divided by (-1*3/y)/(-1)?
2
Let l(i) = -3*i + 2. Suppose 3*a + 2*j = -26, -3*a - 4*j = 3 + 31. Suppose 2*c = 4*c - 116. What is the remainder when c is divided by l(a)?
18
Suppose 0 = m + 2*d + d - 23, m - 5*d = -17. Calculate the remainder when 11 is divided by m.
3
Let i(k) = -k + 17. What is the remainder when 63 is divided by i(4)?
11
Suppose j = 2*f + 9 + 23, 4*j + 4*f = 104. Let c = -5 + 20. What is the remainder when j is divided by c?
13
Let b = 35 - 10. Let o(d) = -d + 2. Let x be o(3). What is the remainder when b is divided by x*(-13 + (0 - 0))?
12
Let g(q) = -14*q - 1. Suppose -3*b + 2*b - 5 = 0. What is the remainder when g(b) is divided by 18?
15
Let w(b) = b - 8. What is the remainder when 14 is divided by w(12)?
2
What is the remainder when -12*1/(-3)*(-22)/(-8) is divided by 4?
3
Let m(o) = -2*o - 1. Let y be m(-2). Let i(c) = c + 4. Let b be i(-2). Let u = y + b. Calculate the remainder when 7 is divided by u.
2
Let a(z) = z**3 - 3*z**2 + 2*z - 3. Suppose -5*q + 9 = -21. Calculate the remainder when q is divided by a(3).
0
Let l(h) = -h**2 + 6*h - 3. Let g be l(5). Suppose -m - g*m + 72 = 0. Let w = m + -4. Calculate the remainder when w is divided by 7.
6
Let k(y) = -2*y**3 - 3*y**2 - 2. What is the remainder when k(-3) is divided by 1 + 13 - (-1)/(-1)?
12
Suppose 2*k - 28 = -s, -6*s + 2*k = -s - 80. Calculate the remainder when 123/s - (-2)/12 is divided by 3.
1
Let q(k) = k**2 - 2*k - 4. Calculate the remainder when 42 is divided by q(-3).
9
Calculate the remainder when 66 is divided by ((-2891)/(-28))/7 - 3/4.
10
Suppose 4*o - 474 - 246 = 2*g, 2*o + 4*g = 340. Let u = -102 + o. Calculate the remainder when u is divided by 26.
24
What is the remainder when 56 is divided by (126/(-12))/(2/(-4) + 0)?
14
Suppose z = 2*z + 4*u - 106, -4*z - 4*u = -364. Suppose 2*t + 28 = m, 4*m + 5*t = -0*t + z. Calculate the remainder when 46 is divided by m.
22
Let m(q) = q**3 + 5*q**2 - 2*q - 6. Let w be m(-5). Suppose -2*o + w = -24. Calculate the remainder when o is divided by 8.
6
Suppose 4*y = q + 30, 0*y + 19 = 3*y + q. What is the remainder when 48 is divided by y?
6
Suppose 0 = -3*o - 0*o + 3*j + 30, 5*j + 37 = 4*o. What is the remainder when o is divided by 8?
5
Let b(v) = -v**3 + 7*v**2 + 8. Calculate the remainder when b(7) is divided by 3.
2
Suppose -y - 4*q = 2*y - 56, 4*q = 20. Suppose 68 = 5*d - y. Suppose -24 = -5*j + j. What is the remainder when d is divided by j?
4
Suppose -y - 4*x - 15 = -0*y, 0 = -x - 5. What is the remainder when y is divided by 4?
1
Suppose 2*d = 3*t - 131, 4*t - 146 = t - d. Let h = -15 - 4. What is the remainder when t is divided by -3 - -2*h/(-2)?
15
Suppose -2*z - 12 = -3*u, -3*u - 5*z - 25 = -8*u. Suppose u*j - 35 = -3*j. Calculate the remainder when 13 is divided by j.
6
Suppose -11 = 3*z - 2*z. Let c = z + 24. Calculate the remainder when c is divided by 7.
6
Let b(q) = -6*q**2 - 5*q + 17. Let n(w) = -5*w**2 - 4*w + 18. Let i(r) = -4*b(r) + 5*n(r). What is the remainder when i(0) is divided by 8?
6
Calculate the remainder when 6/10 - (-644)/10 is divided by 18.
11
Suppose d + 190 = 6*d. Calculate the remainder when 225 is divided by d.
35
Suppose -24 - 4 = -4*q. Calculate the remainder when 12 is divided by q.
5
Suppose -3*g = g - 164. Suppose 3*a - 3*r = 24, 0 = -a - 0*r - r + 14. What is the remainder when g is divided by a?
8
Suppose y + 3*y - 12 = 0. Suppose y*c = 8*c - 15. Suppose -c = b - 9. Calculate the remainder when 16 is divided by b.
4
Suppose -5*a - 180 = -7*a. What is the remainder when a is divided by 31?
28
Suppose -2*d - 437 = -3*q + 32, -3*q + 5*d = -484. What is the remainder when q is divided by 39?
36
Let z(u) = 3*u**3 - 7*u**2 + 4*u - 6. What is the remainder when z(4) is divided by 48?
42
Let n = 168 + -111. Let c = n + 25. Suppose 0 = 2*l - 2*r - c, -3*r = -5*l + 110 + 101. Calculate the remainder when l is divided by 23.
21
Let a(m) = -m**3 - 9*m**2 + 2*m + 12. Let z be a(-9). Let t = 6 + z. Let c = 4 + t. What is the remainder when 5 is divided by c?
1
Let u = 346 - 245. What is the remainder when u is divided by 13?
10
Suppose 8 = -5*y + 23. Let c = 0 - y. Let s(n) = -3*n. What is the remainder when 25 is divided by s(c)?
7
Let p(c) = -9*c - 12. What is the remainder when p(-14) is divided by 30?
24
Suppose 0 = -19*w + 20*w + 2*g - 18, -g + 18 = w. What is the remainder when w is divided by 13?
5
Let c(d) = 3*d**2 + d + 4*d**2 - 6*d**2 + 1. Let u(s) = 7*s**2 + 3*s + 4. Let j(x) = -6*c(x) + u(x). Calculate the remainder when j(4) is divided by 2.
0
Let n(v) = -35*v - 1. Let q(j) = 2*j - 9. Let y be q(6). Suppose y*p = p + 24. Calculate the remainder when n(-1) is divided by p.
10
Suppose 14 - 8 = 3*k. Suppose -3*o + 8 = o. What is the remainder when o is divided by k?
0
Let w = -17 - -9. Let q = w + 12. Let u = 23 - 13. Calculate the remainder when u is divided by q.
2
Let n = 17 + -5. Let k = -6 - -41. Calculate the remainder when k is divided by n.
11
Let w be 7 + -4 - (-9)/(-3). Calculate the remainder when 29 - -8 - (0 - w) is divided by 10.
7
Suppose 2*v = -3*i + 49 + 31, 2*v + i = 84. Suppose -3*p + 45 + v = 5*t, 3*t = 4*p + 76. What is the remainder when t is divided by (1 - 0)*(5 + 2)?
6
Let b(y) be the second derivative of 3*y**2 + 0 + y - 1/12*y**4 + 3/2*y**3. Calculate the remainder when 27 is divided by b(8).
13
Let h = -77 - -114. Let i = 17 - 43. What is the remainder when h is divided by ((-2)/(-1))/((-4)/i)?
11
Suppose -3*s = -4*w + 129, -4*w - 5*s = -86 - 83. Calculate the remainder when 143 is divided by w.
35
Let b(w) = -5*w - 4. Suppose -5*n - 19 - 36 = 0. Let p(g) = -g**3 - 11*g**2 + 12*g + 18. What is the remainder when b(n) is divided by p(-12)?
15
Let a(p) = 15*p + 9. What is the remainder when a(8) is divided by 33?
30
Suppose r + 178 = -4*j - r, 0 = 5*j + 3*r + 225. Let k = j + 65. Calculate the remainder when k is divide